7347 a composite number?
True
Is 83866062733 prime?
True
Is 104745817513 prime?
False
Is 14373248501 prime?
True
Is 17312664091 prime?
True
Is 20594197587 prime?
False
Is 1765754531 a composite number?
True
Is 874835746 a prime number?
False
Is 139006585 composite?
True
Is 15386787579 prime?
False
Is 65944908077 prime?
True
Is 2134944919 a composite number?
False
Is 4474019203 a prime number?
True
Is 3185867497 composite?
False
Is 8593454057 a prime number?
False
Is 161756568737 prime?
False
Is 2915385533 prime?
True
Is 3109750073 composite?
False
Is 1076768206 a prime number?
False
Is 56322569 prime?
False
Is 3120275071 composite?
True
Is 449489993 a composite number?
False
Is 1949208829 a prime number?
True
Is 174757216269 a composite number?
True
Is 73046486 a prime number?
False
Is 40309718269 a composite number?
False
Is 2389338761 a prime number?
True
Is 6056541503 composite?
False
Is 117545961271 a composite number?
True
Is 12127619379 a composite number?
True
Is 255673877953 a prime number?
False
Is 62782096295 a composite number?
True
Is 5295314477 a composite number?
False
Is 78463041053 a composite number?
False
Is 12067100111 a composite number?
True
Is 460438871 a composite number?
False
Is 33088654211 a prime number?
True
Is 1903531481 a prime number?
True
Is 3123415721 a prime number?
True
Is 3586122847 a composite number?
False
Is 30946939 composite?
False
Is 296348903 a prime number?
True
Is 1051020221 a composite number?
True
Is 10790780765 a composite number?
True
Is 4434693821 composite?
True
Is 240556045 prime?
False
Is 32193137 prime?
True
Is 448116631 prime?
False
Is 81974621549 prime?
True
Is 189954151909 composite?
False
Is 23058123167 a prime number?
True
Is 1348395319 a prime number?
True
Is 1627922363 composite?
True
Is 6893594101 a composite number?
False
Is 1987406449 prime?
False
Is 2800533979 prime?
True
Is 11809835707 composite?
False
Is 25341023579 a composite number?
False
Is 20766351979 composite?
False
Is 223175105061 a prime number?
False
Is 43622764426 a prime number?
False
Is 11334494407 a prime number?
True
Is 10788340727 prime?
False
Is 1403111599 a prime number?
True
Is 285926101 prime?
False
Is 38779736279 composite?
False
Is 1190814329 a prime number?
False
Is 18969887 a prime number?
False
Is 57571964053 composite?
False
Is 2496797153 a composite number?
False
Is 17874406129 prime?
False
Is 6187337609 prime?
False
Is 1141273073 prime?
True
Is 875048297 a prime number?
False
Is 3306013913 a prime number?
False
Is 2613739839 prime?
False
Is 660774607 composite?
False
Is 4246977569 a prime number?
True
Is 2888037457 composite?
True
Is 107581907 a prime number?
True
Is 10413716149 a composite number?
False
Is 1493144039 a prime number?
True
Is 11535974207 a prime number?
True
Is 1243962805 a composite number?
True
Is 2032944317 a prime number?
False
Is 184876376297 prime?
True
Is 967418827 composite?
False
Is 1509294793 a composite number?
True
Is 132765475727 composite?
True
Is 19235577433 prime?
False
Is 449857307 prime?
False
Is 28437019819 composite?
True
Is 223618701 prime?
False
Is 140330951 composite?
False
Is 8592962299 a prime number?
False
Is 13054130233 prime?
True
Is 4555607039 composite?
False
Is 929524591 a prime number?
False
Is 1004944757 a composite number?
True
Is 868301047 prime?
True
Is 6060216509 a composite number?
True
Is 16480591079 a composite number?
True
Is 28909241203 composite?
False
Is 92191663271 prime?
True
Is 217014631 prime?
False
Is 14037933901 a composite number?
False
Is 51080718803 prime?
True
Is 751419987 a prime number?
False
Is 13442902423 composite?
False
Is 5326547249 a composite number?
False
Is 11100619703 prime?
True
Is 1103771243 a prime number?
True
Is 4849852067 prime?
False
Is 36895632769 prime?
True
Is 1677692021 prime?
False
Is 3708710747 prime?
False
Is 115278271 a composite number?
True
Is 5991600967 composite?
True
Is 4234008451 a composite number?
False
Is 1099660217 composite?
False
Is 4258248529 composite?
False
Is 74688015953 a prime number?
True
Is 5758947797 a prime number?
False
Is 27310297093 prime?
True
Is 329638343 composite?
True
Is 9048684527 prime?
True
Is 3346495877 prime?
True
Is 1309640699 composite?
False
Is 324905717 a composite number?
True
Is 230689866403 a prime number?
False
Is 4776112567 a composite number?
False
Is 158509531 prime?
True
Is 667311571 a prime number?
False
Is 35773591 a composite number?
True
Is 1963092059 composite?
True
Is 1314747947 a composite number?
False
Is 14693347013 prime?
False
Is 899480242 prime?
False
Is 771125973 a composite number?
True
Is 69863097361 composite?
False
Is 9707326943 a composite number?
False
Is 19177850497 a prime number?
False
Is 6662064733 a prime number?
True
Is 2718731965 prime?
False
Is 31331527951 a composite number?
True
Is 1685887681 a prime number?
True
Is 88872689 a composite number?
True
Is 179187209 a composite number?
True
Is 2750531377 a prime number?
False
Is 1872628229 a prime number?
True
Is 201333821767 a composite number?
True
Is 33490377829 a prime number?
True
Is 16574052967 composite?
True
Is 3732231071 a composite number?
False
Is 4647122083 a composite number?
False
Is 252795889 prime?
False
Is 5605806677 a composite number?
False
Is 25017898809 a composite number?
True
Is 6018217529 prime?
False
Is 1025309959 a composite number?
True
Is 138934408367 prime?
True
Is 22765505038 a composite number?
True
Is 735139219 a composite number?
False
Is 44701219 a composite number?
True
Is 17348074399 prime?
True
Is 4585346179 prime?
False
Is 43415621191 a composite number?
True
Is 16669876919 prime?
True
Is 1764955259 a prime number?
True
Is 16910055103 prime?
True
Is 15579117877 composite?
True
Is 2507199127 prime?
False
Is 86599034 prime?
False
Is 9401989523 a prime number?
False
Is 39843059 a prime number?
False
Is 1658093281 a prime number?
False
Is 1481909111 prime?
True
Is 5832101441 a composite number?
True
Is 368333773 a composite number?
True
Is 14607307963 a composite number?
True
Is 64749127301 a prime number?
False
Is 13217488873 prime?
False
Is 13783066694 prime?
False
Is 1664447059 prime?
False
Is 876824581 composite?
True
Is 94440349 a composite number?
False
Is 219807377 a composite number?
True
Is 7449636097 a composite number?
False
Is 3334562441 a composite number?
True
Is 459778067 a composite number?
True
Is 1041735263 composite?
False
Is 1553381189 a prime number?
True
Is 1028998123 composite?
True
Is 389379343 prime?
True
Is 127475573 composite?
True
Is 163527979291 prime?
False
Is 1480588895 a composite number?
True
Is 981932933 composite?
True
Is 6808773659 composite?
False
Is 17655217873 prime?
False
Is 269683892027 a composite number?
True
Is 837891553 a composite number?
True
Is 2459587583 composite?
True
Is 26536501 a prime number?
True
Is 23164367111 a composite number?
False
Is 15432892093 a prime number?
False
Is 2017927949 prime?
True
Is 2259744145 prime?
False
Is 741606161 prime?
True
Is 23554244999 prime?
False
Is 10783146713 composite?
False
Is 1899989863 a prime number?
True
Is 6245084491 composite?
False
Is 191369536733 a composite number?
True
Is 341098649 a composite number?
True
Is 103502302 prime?
False
Is 219197393819 composite?
True
Is 10027327351 composite?
True
Is 255361963 composite?
False
Is 41936751635 prime?
False
Is 8707658989 a prime number?
True
Is 136241381009 a composite number?
False
Is 42566761169 prime?
False
Is 107342681 a composite number?
False
Is 1677269179 prime?
False
Is 7144083701 prime?
False
Is 2215899923 composite?
False
Is 466624969 a prime number?
False
Is 10730857177 prime?
True
Is 113339770673 prime?
True
Is 2329694039 prime?
True
Is 227302411057 composite?
False
Is 19251611993 composite?
False
Is 4396961867 a composite number?
True
Is 166781093 composite?
False
Is 43279381 composite?
True
Is 3296213479 prime?
False
Is 80241962543 a prime number?
False
Is 37398223 prime?
False
Is 121708943 a prime number?
True
Is 18490803911 composite?
True
Is 4287836429 composite?
False
Is 89539513345 prime?
False
Is 40268171 prime?
True
Is 1527634681 composite?
True
Is 287480542573 a composite number?
True
Is 632124973 a prime number?
False
Is 229934242019 a prime number?
True
Is 829475729 prime?
True
Is 